2*a**2 + 72*a + 58. Let i be t(31). Suppose -28*k = -i - 491. What is the units digit of k?
5
Let v(p) = 5*p + 12*p + 0*p + 18 - p + p**2. What is the units digit of v(10)?
8
Let b be (-5060)/(-25) + 4/(-10). Let v = b - -707. What is the tens digit of v?
0
Let a = -2536 + 27852. What is the units digit of a?
6
Let t(s) = 4*s**2 + 30*s + 17. Let v be t(-7). Suppose -p - 526 = -v*o, -2*o + 354 = 26*p - 25*p. What is the tens digit of o?
7
Let c(j) = -4078*j**3 - 2*j**2 - 17*j - 14. What is the hundreds digit of c(-1)?
0
Suppose -h = -4*n + 11502, 4*n - 3*h = 2*n + 5736. What is the tens digit of n?
7
Suppose -3*p + 2745 = 2*p + 4*q, 0 = -p - 2*q + 543. Suppose p*v = 554*v - 291. What is the tens digit of v?
9
Suppose 3*k + n - 27 + 9 = 0, -n = k - 6. What is the thousands digit of 2*(9042/12 + k)?
1
What is the tens digit of -36 - -43 - (16/(-40) - (-119208)/(-5))?
4
Suppose -g - 36 = 3*o, g + 47 = -7*o + 3*o. Let a be (-9)/(16/(-80) + o/20). What is the tens digit of (-7)/2*(-6 - a)?
6
Let l = -51 + 49. Let j be l/5 - 144/(-10). Let o(q) = -q**3 + 14*q**2 + 3*q - 11. What is the units digit of o(j)?
1
Suppose -2290272 = -149*i + 53*i. What is the thousands digit of i?
3
Suppose 3*j + 5*n - 12 = -49, 4*n + 20 = 0. What is the hundreds digit of (j - -3)/(3/(-3507)) + -5?
1
Suppose 11*g = 8*g + o - 1488, 3*o - 504 = g. What is the hundreds digit of 7 - (-88)/(-8) - g?
4
Let u(m) be the second derivative of m**3/6 - 5*m**2 - 3*m. Let j be u(7). What is the tens digit of 4 + j/1 - -124?
2
Let q(d) be the first derivative of -d**4/4 - 5*d**3/3 + 19*d**2/2 + 13*d + 17. What is the tens digit of q(-11)?
3
Let p(y) be the first derivative of 7*y**4/4 - 3*y**2/2 - 18*y + 155. What is the tens digit of p(6)?
7
Suppose -302117 - 198383 = -55*q. What is the thousands digit of q?
9
Let c = -681 - -1036. Let m = c - -504. What is the hundreds digit of m?
8
Let n(k) = -2*k + 70. Let i be n(35). Suppose i = -27*u + 6*u + 1806. What is the units digit of u?
6
Let f = 251 + -251. What is the hundreds digit of 369 - f - (49 - 48)?
3
Suppose -10*w = -12*w. Suppose -6*m + 8*m - 48 = w. Suppose x = -x + m. What is the units digit of x?
2
Suppose -u - 11*k = -8*k - 22, -5*u - 4*k + 132 = 0. Suppose 44 = -17*d + u*d. What is the units digit of d?
4
Let f = 72 - 72. What is the tens digit of (-9)/(-12) + (3924/16 - f)?
4
Let o(h) = 11*h**3 - h**2 + 38*h - 158. What is the thousands digit of o(11)?
4
Suppose 0 = -4*a - 5*q - 13, 2*a + 2*q - q = -11. Let r(v) = 2*v + 11. Let z(m) = 6*m + 33. Let k(y) = a*r(y) + 2*z(y). What is the units digit of k(-17)?
3
Let b be (-2)/(-7) - (-1 + 234/(-14)). Let r be 500/b + 18/81. Suppose -l + 2*a = 2*l - 34, -r = -2*l + 4*a. What is the tens digit of l?
1
Suppose 7*i - 184 = -9. Suppose -5*a = 2*b - i, 2*b + 12*a = 11*a + 5. Suppose -h + j = 28 - 117, 2*h - 4*j - 174 = b. What is the units digit of h?
1
What is the ten thousands digit of (-9*(-155)/135 - 11)/((-4)/182730)?
3
Suppose 5*r + 710 = 2*a, 3*a - 5*a = 3*r - 694. Let x = -201 + a. What is the tens digit of x?
4
Let q(m) = m**2 - 22*m + 69. Let a be q(3). What is the hundreds digit of (112 + a + -11)/(1/2)?
2
Suppose 75709 = -54*z + 1688524 + 882201. What is the thousands digit of z?
6
What is the tens digit of (-5299 + -11)*(-6)/4?
6
Suppose -9*a + 8*a + 2*g + 111 = 0, 0 = 3*g. What is the hundreds digit of 2/((-6 - -9) + (-331)/a)?
1
Let n(c) = -c**3 + c**2 + 1228. Let g = -441 + 441. What is the units digit of n(g)?
8
Let n = 602 - 597. Suppose s - 3191 - 4143 = -n*c, 0 = s + 1. What is the tens digit of c?
6
What is the tens digit of (-5584)/(-2) - (19 + -15 + -9)?
9
Suppose 4*q = 3*q - 2. Let w(u) = 14*u**2 + 3*u. Let i be w(q). Suppose -i - 115 = -3*c. What is the units digit of c?
5
Suppose 30*v - 949649 = -261959. What is the hundreds digit of v?
9
Let a = 73898 + -40069. What is the tens digit of a?
2
Suppose -5*v + 10 = -20. Let r be ((-3)/v)/(1/(-64)). Suppose -2*g = r - 86. What is the units digit of g?
7
Suppose -28160 = -5*o - w, -o = 62*w - 57*w - 5632. What is the units digit of o?
2
Let b(v) be the first derivative of -v**2/2 + 18*v + 3. Suppose 0 = -4*k - u - 21, 2*k + 6 + 0 = 4*u. What is the units digit of b(k)?
3
Suppose -2*p + 0*p - 3*c = -20940, -25*p + 261679 = 2*c. What is the units digit of p?
7
Suppose 0 = 2*y - 12, 299*h + 4*y + 23200 = 303*h. What is the tens digit of h?
0
Let v(a) = 2*a**2 + 36*a + 36. What is the units digit of v(-46)?
2
Let m(q) = q - 1. Let n(g) = 18*g + 5. Let v(i) = i - 1. Let u(c) = -n(c) + 6*v(c). Let a(b) = 5*m(b) + u(b). What is the tens digit of a(-6)?
2
Suppose 0 = -154*g + 2491661 + 1874456 - 1378979. What is the ten thousands digit of g?
1
Let n = 53 - 300. Let l = n + 482. What is the tens digit of l?
3
Suppose -a + 2*a + 117 = 0. Let t = a + 121. Suppose 232 = t*n + 92. What is the units digit of n?
5
Let m = 55 - 80. Let s = m + 173. Suppose -3*b + i + 4*i + s = 0, 185 = 5*b + 4*i. What is the units digit of b?
1
Suppose -27*h + 26*h + 63 = -8064. What is the hundreds digit of h?
1
Let y = -17 - -17. Suppose 0 = -5*i + 5*m - 45, y*i - 3*i - m = 19. What is the tens digit of 12/i*3248/(-32)?
7
Let o = 3506 - 968. What is the thousands digit of o?
2
Let q(f) = -199*f - 23. Let b(g) = -g**2 - 23*g + 209. Let h be b(-30). What is the hundreds digit of q(h)?
1
Let x(h) = -1306*h - 8. Let s be x(-2). Suppose -4*f = -4*c - s, -2*f - 2*c + 3241 = 3*f. What is the tens digit of f?
4
Let y(l) = l**2 - 12*l + 4. Let m be y(12). Let a be 0*m/16 + 1 + 65. Let t = a - 20. What is the tens digit of t?
4
Let f be (-32 + -3)/(1/(-18)). Suppose -2*u + 258 = -n, 6*u = u - 5*n + f. Let d = -42 + u. What is the tens digit of d?
8
Let l = -15 + 45. Let r be 303/(-202) + 111/2. Let f = r - l. What is the units digit of f?
4
Suppose 3*j - 14*g + 22 = -12*g, -4*j - 6 = 2*g. Suppose 3*h + 0*d = -3*d - 252, 3*d + 9 = 0. Let w = j - h. What is the tens digit of w?
7
Let q = 179 - 176. Suppose 202 = u - 2*h, -4*h = q*u - 399 - 157. What is the units digit of u?
2
What is the hundreds digit of ((-1014)/56 - (-151)/(-1057))*-244?
4
Let u(q) = -70 + 3*q**2 + 63 - 42*q + 45*q. Let r(d) = -d**3 - 5*d**2 + 4. Let l be r(-5). What is the tens digit of u(l)?
5
Suppose -4*i - 2*z + 74 = 0, 0*i - 5*i - z = -94. Let k(r) = r**3 - 10*r**2 + 12*r - 5. Let u be k(9). Let f = u - i. What is the units digit of f?
3
Let p be 8*(5 - (1 - -3)). Suppose -2*l - 16 = p. What is the units digit of (1 + 6 + 1)/(l/(-282))?
8
Suppose -3*r = -5*k - 860, 2*k + 340 = -0*k + 2*r. Let f = -379 - k. Let v = -101 - f. What is the tens digit of v?
0
What is the hundreds digit of 8/44 - (-512214)/132*2?
7
Suppose 659 + 253 = 57*w. What is the units digit of w?
6
Let b = 1800 + -748. Let q = -447 + b. What is the hundreds digit of q?
6
Let k be 322/98 - (-4)/(-14). Suppose k + 22 = 5*q. Suppose -4*x - 6 = 2, -q*x = -j + 18. What is the units digit of j?
8
Suppose 0 = -7*p - 4*p + 2662. Suppose -2*q = -1168 - p. Suppose 3*u = -0*u - 3*f + q, 5*u + 2*f - 1160 = 0. What is the units digit of u?
0
What is the tens digit of 210660/(-10)*(-17)/102?
1
Suppose 2*k - 16*p = -11*p + 71, 51 = 2*k - p. Suppose -2*a + 19*r - k*r = -4028, 3*a = -r + 6022. What is the hundreds digit of a?
0
Let g be (-71 - -4)/((-2)/(-2)). Let c be (46 - -11)/(-1 - (1 - 1)). Let u = c - g. What is the units digit of u?
0
Let d = -33 + 35. Suppose -5*r + d = -2*q + 103, r - q + 22 = 0. Let i = r + 38. What is the tens digit of i?
1
Let o(a) = 2*a**3 + 27*a**2 - 14*a + 18. Let s be o(-14). What is the tens digit of 502/s + 20/180?
2
Let q(b) = -3*b - 102. Let j be q(-35). Suppose j*o + 6 = 0, -2*u + 0*o = 3*o - 1240. What is the tens digit of u?
2
Suppose -84*d - 8 = -82*d, -25507 = -3*a - 2*d. What is the units digit of a?
5
Suppose 445 = -3*u + 4*n, 443 - 151 = -2*u + 5*n. Let q = 822 - u. What is the hundreds digit of q?
9
Let f(q) = q**3 - 17*q**2 + 2*q + 16. Let g be f(17). Suppose -4*y + 4986 = -g. What is the hundreds digit of y?
2
Let g = -48 + 59. Let a = 9 - g. Let b = a + 8. What is the units digit of b?
6
Let l(m) = 83*m**2 + m - 2. Let z be 266/114*((-6)/(-1))/2. Suppose -3*b = -10 + z. What is the units digit of l(b)?
2
Let b = 7845 + 1221. What is the units digit of b?
6
Let j(c) = c**2 + 23